{"id":110,"date":"2019-05-13T20:21:03","date_gmt":"2019-05-13T18:21:03","guid":{"rendered":"http:\/\/www.imep.edu.mx\/?page_id=110"},"modified":"2019-05-29T01:59:27","modified_gmt":"2019-05-28T23:59:27","slug":"reconocimientos","status":"publish","type":"page","link":"https:\/\/www.imep.edu.mx\/?page_id=110","title":{"rendered":"Reconocimientos obtenidos"},"content":{"rendered":"\t\t<div data-elementor-type=\"wp-post\" data-elementor-id=\"110\" class=\"elementor elementor-110\">\n\t\t\t\t\t\t<section class=\"elementor-section elementor-top-section elementor-element elementor-element-55e5dce3 elementor-section-stretched elementor-section-boxed elementor-section-height-default elementor-section-height-default\" data-id=\"55e5dce3\" data-element_type=\"section\" data-e-type=\"section\" data-settings=\"{&quot;stretch_section&quot;:&quot;section-stretched&quot;}\">\n\t\t\t\t\t\t<div class=\"elementor-container elementor-column-gap-default\">\n\t\t\t\t\t<div class=\"elementor-column elementor-col-66 elementor-top-column elementor-element elementor-element-12b027e0\" data-id=\"12b027e0\" data-element_type=\"column\" data-e-type=\"column\">\n\t\t\t<div class=\"elementor-widget-wrap elementor-element-populated\">\n\t\t\t\t\t\t<div class=\"elementor-element elementor-element-76d02331 elementor-widget elementor-widget-image\" data-id=\"76d02331\" data-element_type=\"widget\" data-e-type=\"widget\" data-widget_type=\"image.default\">\n\t\t\t\t<div class=\"elementor-widget-container\">\n\t\t\t\t\t\t\t\t\t\t\t\t\t\t\t<img fetchpriority=\"high\" decoding=\"async\" width=\"1024\" height=\"261\" src=\"https:\/\/www.imep.edu.mx\/wp-content\/uploads\/2019\/05\/banner-actividades-1024x261.jpg\" class=\"attachment-large size-large wp-image-112\" alt=\"\" srcset=\"https:\/\/www.imep.edu.mx\/wp-content\/uploads\/2019\/05\/banner-actividades-1024x261.jpg 1024w, https:\/\/www.imep.edu.mx\/wp-content\/uploads\/2019\/05\/banner-actividades-300x77.jpg 300w, https:\/\/www.imep.edu.mx\/wp-content\/uploads\/2019\/05\/banner-actividades-768x196.jpg 768w\" sizes=\"(max-width: 1024px) 100vw, 1024px\" \/>\t\t\t\t\t\t\t\t\t\t\t\t\t\t\t<\/div>\n\t\t\t\t<\/div>\n\t\t\t\t<div class=\"elementor-element elementor-element-1a38d079 elementor-widget elementor-widget-heading\" data-id=\"1a38d079\" data-element_type=\"widget\" data-e-type=\"widget\" data-widget_type=\"heading.default\">\n\t\t\t\t<div class=\"elementor-widget-container\">\n\t\t\t\t\t<h2 class=\"elementor-heading-title elementor-size-default\">Reconocimientos obtenidos<\/h2>\t\t\t\t<\/div>\n\t\t\t\t<\/div>\n\t\t\t\t<div class=\"elementor-element elementor-element-cdb1746 elementor-widget elementor-widget-text-editor\" data-id=\"cdb1746\" data-element_type=\"widget\" data-e-type=\"widget\" data-widget_type=\"text-editor.default\">\n\t\t\t\t<div class=\"elementor-widget-container\">\n\t\t\t\t\t\t\t\t\t<p>Nuestra Instituci\u00f3n es reconocida en el \u00e1mbito nacional, haci\u00e9ndose merecedora de su inclusi\u00f3n en el Padr\u00f3n Nacional de Instituciones Formadoras de Docentes, dependientes de la Direcci\u00f3n Nacional de Formaci\u00f3n Continua de la Subsecretar\u00eda de Educaci\u00f3n B\u00e1sica y Normal de la SEP.<\/p><p>As\u00ed mismo es reconocida en su calidad acad\u00e9mica por el Sistema Nacional de Investigadores (SNI) instituci\u00f3n a la cual han accedido algunos de nuestros egresados y forman parte de ella, dignos representantes que destacan en el campo de la investigaci\u00f3n educativa y que son evidencia palpable y orgullo de nuestro Centro de Especialidad y Posgrado.<\/p>\t\t\t\t\t\t\t\t<\/div>\n\t\t\t\t<\/div>\n\t\t\t\t<div class=\"elementor-element elementor-element-6775e241 elementor-widget elementor-widget-text-editor\" data-id=\"6775e241\" data-element_type=\"widget\" data-e-type=\"widget\" data-widget_type=\"text-editor.default\">\n\t\t\t\t<div class=\"elementor-widget-container\">\n\t\t\t\t\t\t\t\t\t<div id=\"content\" class=\"8u 12u(mobile)\"><article id=\"inicio\" class=\"box post\"><div id=\"reconocimientos\" class=\"panel panel-default\"><div class=\"panel-body\"><ul class=\"list-group\"><li class=\"list-group-item list-group-item-action\">Por la Universidad de Camag\u00fcey, Cuba.<\/li><li class=\"list-group-item list-group-item-action\">Por el Instituto Superior Pedag\u00f3gico de Holgu\u00edn, Cuba.<\/li><li class=\"list-group-item list-group-item-action\">Por el Ministerio de Educaci\u00f3n Superior de Cuba.<\/li><li class=\"list-group-item list-group-item-action\">Por la Universidad Central de las Villas, Villa Clara, Cuba.<\/li><li class=\"list-group-item list-group-item-action\">Por la Universidad de Guadalajara, Jalisco, M\u00e9xico.<\/li><li class=\"list-group-item list-group-item-action\">Por la Universidad Pedag\u00f3gica Estatal de Mosc\u00fa, Rusia.<\/li><li class=\"list-group-item list-group-item-action\">Por el Sindicato Nacional de Trabajadores de la Educaci\u00f3n, M\u00e9xico.<\/li><li class=\"list-group-item list-group-item-action\">Por la Universidad Pedag\u00f3gica Nacional, M\u00e9xico.<\/li><li class=\"list-group-item list-group-item-action\">Por la Universidad Aut\u00f3noma de Zacatecas, M\u00e9xico.<\/li><li class=\"list-group-item list-group-item-action\">Por la Direcci\u00f3n General de los Colegios de Bachilleres del Estado de Zacatecas.<\/li><li class=\"list-group-item list-group-item-action\">Por la Secretar\u00eda de Educaci\u00f3n del Estado de Tamaulipas.<\/li><li class=\"list-group-item list-group-item-action\">Por el Sindicato de Trabajadores de la Educaci\u00f3n Costarricense.<\/li><li class=\"list-group-item list-group-item-action\">Por la Universidad Metropolitana de Ciencias de la Educaci\u00f3n, Santiago de Chile.<\/li><\/ul><\/div><\/div><\/article><\/div>\t\t\t\t\t\t\t\t<\/div>\n\t\t\t\t<\/div>\n\t\t\t\t\t<\/div>\n\t\t<\/div>\n\t\t\t\t<div class=\"elementor-column elementor-col-33 elementor-top-column elementor-element elementor-element-63e3d685\" data-id=\"63e3d685\" data-element_type=\"column\" data-e-type=\"column\">\n\t\t\t<div class=\"elementor-widget-wrap elementor-element-populated\">\n\t\t\t\t\t\t<div class=\"elementor-element elementor-element-3166058c elementor-icon-list--layout-traditional elementor-list-item-link-full_width elementor-widget elementor-widget-icon-list\" data-id=\"3166058c\" data-element_type=\"widget\" data-e-type=\"widget\" data-widget_type=\"icon-list.default\">\n\t\t\t\t<div class=\"elementor-widget-container\">\n\t\t\t\t\t\t\t<ul class=\"elementor-icon-list-items\">\n\t\t\t\t\t\t\t<li class=\"elementor-icon-list-item\">\n\t\t\t\t\t\t\t\t\t\t\t<a href=\"http:\/\/www.imep.edu.mx\/?page_id=82\">\n\n\t\t\t\t\t\t\t\t\t\t\t<span class=\"elementor-icon-list-text\">PARTICIPACIONES EN EVENTOS<\/span>\n\t\t\t\t\t\t\t\t\t\t\t<\/a>\n\t\t\t\t\t\t\t\t\t<\/li>\n\t\t\t\t\t\t\t\t<li class=\"elementor-icon-list-item\">\n\t\t\t\t\t\t\t\t\t\t\t<a href=\"http:\/\/www.imep.edu.mx\/?page_id=110\">\n\n\t\t\t\t\t\t\t\t\t\t\t<span class=\"elementor-icon-list-text\">RECONOCIMIENTOS OBTENIDOS<\/span>\n\t\t\t\t\t\t\t\t\t\t\t<\/a>\n\t\t\t\t\t\t\t\t\t<\/li>\n\t\t\t\t\t\t\t\t<li class=\"elementor-icon-list-item\">\n\t\t\t\t\t\t\t\t\t\t\t<a href=\"http:\/\/www.imep.edu.mx\/?page_id=127\">\n\n\t\t\t\t\t\t\t\t\t\t\t<span class=\"elementor-icon-list-text\">DOCENTES<\/span>\n\t\t\t\t\t\t\t\t\t\t\t<\/a>\n\t\t\t\t\t\t\t\t\t<\/li>\n\t\t\t\t\t\t\t\t<li class=\"elementor-icon-list-item\">\n\t\t\t\t\t\t\t\t\t\t\t<a href=\"http:\/\/www.imep.edu.mx\/?page_id=134\">\n\n\t\t\t\t\t\t\t\t\t\t\t<span class=\"elementor-icon-list-text\">APORTACIONES<\/span>\n\t\t\t\t\t\t\t\t\t\t\t<\/a>\n\t\t\t\t\t\t\t\t\t<\/li>\n\t\t\t\t\t\t\t\t<li class=\"elementor-icon-list-item\">\n\t\t\t\t\t\t\t\t\t\t\t<a href=\"http:\/\/www.imep.edu.mx\/?page_id=140\">\n\n\t\t\t\t\t\t\t\t\t\t\t<span class=\"elementor-icon-list-text\">PRODUCCCI\u00d3N EDITORIAL<\/span>\n\t\t\t\t\t\t\t\t\t\t\t<\/a>\n\t\t\t\t\t\t\t\t\t<\/li>\n\t\t\t\t\t\t<\/ul>\n\t\t\t\t\t\t<\/div>\n\t\t\t\t<\/div>\n\t\t\t\t\t<\/div>\n\t\t<\/div>\n\t\t\t\t\t<\/div>\n\t\t<\/section>\n\t\t\t\t<\/div>\n\t\t","protected":false},"excerpt":{"rendered":"<p>Reconocimientos obtenidos Nuestra Instituci\u00f3n es reconocida en el \u00e1mbito nacional, haci\u00e9ndose merecedora de su inclusi\u00f3n en el Padr\u00f3n Nacional de Instituciones Formadoras de Docentes, dependientes de la Direcci\u00f3n Nacional de Formaci\u00f3n Continua de la Subsecretar\u00eda de Educaci\u00f3n B\u00e1sica y Normal de la SEP. As\u00ed mismo es reconocida en su calidad acad\u00e9mica por el Sistema Nacional [&hellip;]<\/p>\n","protected":false},"author":1,"featured_media":0,"parent":0,"menu_order":0,"comment_status":"closed","ping_status":"closed","template":"elementor_header_footer","meta":{"_acf_changed":false,"footnotes":""},"class_list":["post-110","page","type-page","status-publish","hentry"],"acf":[],"_links":{"self":[{"href":"https:\/\/www.imep.edu.mx\/index.php?rest_route=\/wp\/v2\/pages\/110","targetHints":{"allow":["GET"]}}],"collection":[{"href":"https:\/\/www.imep.edu.mx\/index.php?rest_route=\/wp\/v2\/pages"}],"about":[{"href":"https:\/\/www.imep.edu.mx\/index.php?rest_route=\/wp\/v2\/types\/page"}],"author":[{"embeddable":true,"href":"https:\/\/www.imep.edu.mx\/index.php?rest_route=\/wp\/v2\/users\/1"}],"replies":[{"embeddable":true,"href":"https:\/\/www.imep.edu.mx\/index.php?rest_route=%2Fwp%2Fv2%2Fcomments&post=110"}],"version-history":[{"count":10,"href":"https:\/\/www.imep.edu.mx\/index.php?rest_route=\/wp\/v2\/pages\/110\/revisions"}],"predecessor-version":[{"id":354,"href":"https:\/\/www.imep.edu.mx\/index.php?rest_route=\/wp\/v2\/pages\/110\/revisions\/354"}],"wp:attachment":[{"href":"https:\/\/www.imep.edu.mx\/index.php?rest_route=%2Fwp%2Fv2%2Fmedia&parent=110"}],"curies":[{"name":"wp","href":"https:\/\/api.w.org\/{rel}","templated":true}]}}